{"id":553,"date":"2024-10-27T11:17:50","date_gmt":"2024-10-27T10:17:50","guid":{"rendered":"https:\/\/theartcafelagny.com\/?post_type=tribe_events&#038;p=553"},"modified":"2024-10-27T11:17:50","modified_gmt":"2024-10-27T10:17:50","slug":"bpm-cover-pop-rock","status":"publish","type":"tribe_events","link":"https:\/\/theartcafelagny.com\/?tribe_events=bpm-cover-pop-rock","title":{"rendered":"BPM &#8211; Cover Pop Rock"},"content":{"rendered":"<p>120 BPM est un duo acoustique compos\u00e9 de Benjamin Bourlier, talentueux guitariste, et de Feryel Balagna, une voix envo\u00fbtante. Ensemble, ils cr\u00e9ent une ambiance intime et chaleureuse \u00e0 travers un r\u00e9pertoire \u00e9clectique de reprises. Leur complicit\u00e9 musicale et la simplicit\u00e9 de leurs arrangements permettent de red\u00e9couvrir des chansons dans leur plus pure expression, mettant en avant la puissance de l\u2019\u00e9motion et de l\u2019authenticit\u00e9. 120 BPM sait captiver son public et l&#8217;emmener dans un voyage musical unique, rempli de douceur et de passion.<\/p>\n","protected":false},"excerpt":{"rendered":"<p>120 BPM est un duo acoustique compos\u00e9 de Benjamin Bourlier, talentueux guitariste, et de Feryel Balagna, une voix envo\u00fbtante. Ensemble, ils cr\u00e9ent une ambiance intime et chaleureuse \u00e0 travers un [&hellip;]<\/p>\n","protected":false},"author":4,"featured_media":554,"template":"","meta":{"_tribe_events_status":"","_tribe_events_status_reason":"","footnotes":""},"tags":[],"tribe_events_cat":[],"class_list":["post-553","tribe_events","type-tribe_events","status-publish","has-post-thumbnail","hentry"],"yoast_head":"<!-- This site is optimized with the Yoast SEO plugin v27.1.1 - https:\/\/yoast.com\/product\/yoast-seo-wordpress\/ -->\n<title>BPM - Cover Pop Rock - THE ART CAF\u00c9 LAGNY<\/title>\n<meta name=\"robots\" content=\"index, follow, max-snippet:-1, max-image-preview:large, max-video-preview:-1\" \/>\n<link rel=\"canonical\" href=\"https:\/\/theartcafelagny.com\/?tribe_events=bpm-cover-pop-rock\" \/>\n<meta property=\"og:locale\" content=\"fr_FR\" \/>\n<meta property=\"og:type\" content=\"article\" \/>\n<meta property=\"og:title\" content=\"BPM - Cover Pop Rock - THE ART CAF\u00c9 LAGNY\" \/>\n<meta property=\"og:description\" content=\"120 BPM est un duo acoustique compos\u00e9 de Benjamin Bourlier, talentueux guitariste, et de Feryel Balagna, une voix envo\u00fbtante. Ensemble, ils cr\u00e9ent une ambiance intime et chaleureuse \u00e0 travers un [&hellip;]\" \/>\n<meta property=\"og:url\" content=\"https:\/\/theartcafelagny.com\/?tribe_events=bpm-cover-pop-rock\" \/>\n<meta property=\"og:site_name\" content=\"THE ART CAF\u00c9 LAGNY\" \/>\n<meta property=\"article:publisher\" content=\"https:\/\/www.facebook.com\/THEARTCAFE.LAGNY\/?locale=fr_FR\" \/>\n<meta property=\"og:image\" content=\"https:\/\/theartcafelagny.com\/wp-content\/uploads\/2024\/10\/IMG-20240919-WA0002.jpg\" \/>\n\t<meta property=\"og:image:width\" content=\"900\" \/>\n\t<meta property=\"og:image:height\" content=\"632\" \/>\n\t<meta property=\"og:image:type\" content=\"image\/jpeg\" \/>\n<meta name=\"twitter:card\" content=\"summary_large_image\" \/>\n<meta name=\"twitter:label1\" content=\"Dur\u00e9e de lecture estim\u00e9e\" \/>\n\t<meta name=\"twitter:data1\" content=\"1 minute\" \/>\n<script type=\"application\/ld+json\" class=\"yoast-schema-graph\">{\"@context\":\"https:\/\/schema.org\",\"@graph\":[{\"@type\":\"WebPage\",\"@id\":\"https:\/\/theartcafelagny.com\/?tribe_events=bpm-cover-pop-rock\",\"url\":\"https:\/\/theartcafelagny.com\/?tribe_events=bpm-cover-pop-rock\",\"name\":\"BPM - Cover Pop Rock - THE ART CAF\u00c9 LAGNY\",\"isPartOf\":{\"@id\":\"https:\/\/theartcafelagny.com\/#website\"},\"primaryImageOfPage\":{\"@id\":\"https:\/\/theartcafelagny.com\/?tribe_events=bpm-cover-pop-rock#primaryimage\"},\"image\":{\"@id\":\"https:\/\/theartcafelagny.com\/?tribe_events=bpm-cover-pop-rock#primaryimage\"},\"thumbnailUrl\":\"https:\/\/theartcafelagny.com\/wp-content\/uploads\/2024\/10\/IMG-20240919-WA0002.jpg\",\"datePublished\":\"2024-10-27T10:17:50+00:00\",\"breadcrumb\":{\"@id\":\"https:\/\/theartcafelagny.com\/?tribe_events=bpm-cover-pop-rock#breadcrumb\"},\"inLanguage\":\"fr-FR\",\"potentialAction\":[{\"@type\":\"ReadAction\",\"target\":[\"https:\/\/theartcafelagny.com\/?tribe_events=bpm-cover-pop-rock\"]}]},{\"@type\":\"ImageObject\",\"inLanguage\":\"fr-FR\",\"@id\":\"https:\/\/theartcafelagny.com\/?tribe_events=bpm-cover-pop-rock#primaryimage\",\"url\":\"https:\/\/theartcafelagny.com\/wp-content\/uploads\/2024\/10\/IMG-20240919-WA0002.jpg\",\"contentUrl\":\"https:\/\/theartcafelagny.com\/wp-content\/uploads\/2024\/10\/IMG-20240919-WA0002.jpg\",\"width\":900,\"height\":632},{\"@type\":\"BreadcrumbList\",\"@id\":\"https:\/\/theartcafelagny.com\/?tribe_events=bpm-cover-pop-rock#breadcrumb\",\"itemListElement\":[{\"@type\":\"ListItem\",\"position\":1,\"name\":\"Accueil\",\"item\":\"https:\/\/theartcafelagny.com\/\"},{\"@type\":\"ListItem\",\"position\":2,\"name\":\"\u00c9v\u00e8nements\",\"item\":\"https:\/\/theartcafelagny.com\/?post_type=tribe_events\"},{\"@type\":\"ListItem\",\"position\":3,\"name\":\"BPM &#8211; Cover Pop Rock\"}]},{\"@type\":\"WebSite\",\"@id\":\"https:\/\/theartcafelagny.com\/#website\",\"url\":\"https:\/\/theartcafelagny.com\/\",\"name\":\"THE ART CAF\u00c9 LAGNY\",\"description\":\"\",\"publisher\":{\"@id\":\"https:\/\/theartcafelagny.com\/#organization\"},\"potentialAction\":[{\"@type\":\"SearchAction\",\"target\":{\"@type\":\"EntryPoint\",\"urlTemplate\":\"https:\/\/theartcafelagny.com\/?s={search_term_string}\"},\"query-input\":{\"@type\":\"PropertyValueSpecification\",\"valueRequired\":true,\"valueName\":\"search_term_string\"}}],\"inLanguage\":\"fr-FR\"},{\"@type\":\"Organization\",\"@id\":\"https:\/\/theartcafelagny.com\/#organization\",\"name\":\"THE ART CAF\u00c9 LAGNY\",\"url\":\"https:\/\/theartcafelagny.com\/\",\"logo\":{\"@type\":\"ImageObject\",\"inLanguage\":\"fr-FR\",\"@id\":\"https:\/\/theartcafelagny.com\/#\/schema\/logo\/image\/\",\"url\":\"https:\/\/theartcafelagny.com\/wp-content\/uploads\/2023\/07\/Logo-The-art-cafe.png\",\"contentUrl\":\"https:\/\/theartcafelagny.com\/wp-content\/uploads\/2023\/07\/Logo-The-art-cafe.png\",\"width\":1536,\"height\":510,\"caption\":\"THE ART CAF\u00c9 LAGNY\"},\"image\":{\"@id\":\"https:\/\/theartcafelagny.com\/#\/schema\/logo\/image\/\"},\"sameAs\":[\"https:\/\/www.facebook.com\/THEARTCAFE.LAGNY\/?locale=fr_FR\",\"https:\/\/www.instagram.com\/theartcafelagny\/?hl=fr\"]}]}<\/script>\n<!-- \/ Yoast SEO plugin. -->","yoast_head_json":{"title":"BPM - Cover Pop Rock - THE ART CAF\u00c9 LAGNY","robots":{"index":"index","follow":"follow","max-snippet":"max-snippet:-1","max-image-preview":"max-image-preview:large","max-video-preview":"max-video-preview:-1"},"canonical":"https:\/\/theartcafelagny.com\/?tribe_events=bpm-cover-pop-rock","og_locale":"fr_FR","og_type":"article","og_title":"BPM - Cover Pop Rock - THE ART CAF\u00c9 LAGNY","og_description":"120 BPM est un duo acoustique compos\u00e9 de Benjamin Bourlier, talentueux guitariste, et de Feryel Balagna, une voix envo\u00fbtante. Ensemble, ils cr\u00e9ent une ambiance intime et chaleureuse \u00e0 travers un [&hellip;]","og_url":"https:\/\/theartcafelagny.com\/?tribe_events=bpm-cover-pop-rock","og_site_name":"THE ART CAF\u00c9 LAGNY","article_publisher":"https:\/\/www.facebook.com\/THEARTCAFE.LAGNY\/?locale=fr_FR","og_image":[{"width":900,"height":632,"url":"https:\/\/theartcafelagny.com\/wp-content\/uploads\/2024\/10\/IMG-20240919-WA0002.jpg","type":"image\/jpeg"}],"twitter_card":"summary_large_image","twitter_misc":{"Dur\u00e9e de lecture estim\u00e9e":"1 minute"},"schema":{"@context":"https:\/\/schema.org","@graph":[{"@type":"WebPage","@id":"https:\/\/theartcafelagny.com\/?tribe_events=bpm-cover-pop-rock","url":"https:\/\/theartcafelagny.com\/?tribe_events=bpm-cover-pop-rock","name":"BPM - Cover Pop Rock - THE ART CAF\u00c9 LAGNY","isPartOf":{"@id":"https:\/\/theartcafelagny.com\/#website"},"primaryImageOfPage":{"@id":"https:\/\/theartcafelagny.com\/?tribe_events=bpm-cover-pop-rock#primaryimage"},"image":{"@id":"https:\/\/theartcafelagny.com\/?tribe_events=bpm-cover-pop-rock#primaryimage"},"thumbnailUrl":"https:\/\/theartcafelagny.com\/wp-content\/uploads\/2024\/10\/IMG-20240919-WA0002.jpg","datePublished":"2024-10-27T10:17:50+00:00","breadcrumb":{"@id":"https:\/\/theartcafelagny.com\/?tribe_events=bpm-cover-pop-rock#breadcrumb"},"inLanguage":"fr-FR","potentialAction":[{"@type":"ReadAction","target":["https:\/\/theartcafelagny.com\/?tribe_events=bpm-cover-pop-rock"]}]},{"@type":"ImageObject","inLanguage":"fr-FR","@id":"https:\/\/theartcafelagny.com\/?tribe_events=bpm-cover-pop-rock#primaryimage","url":"https:\/\/theartcafelagny.com\/wp-content\/uploads\/2024\/10\/IMG-20240919-WA0002.jpg","contentUrl":"https:\/\/theartcafelagny.com\/wp-content\/uploads\/2024\/10\/IMG-20240919-WA0002.jpg","width":900,"height":632},{"@type":"BreadcrumbList","@id":"https:\/\/theartcafelagny.com\/?tribe_events=bpm-cover-pop-rock#breadcrumb","itemListElement":[{"@type":"ListItem","position":1,"name":"Accueil","item":"https:\/\/theartcafelagny.com\/"},{"@type":"ListItem","position":2,"name":"\u00c9v\u00e8nements","item":"https:\/\/theartcafelagny.com\/?post_type=tribe_events"},{"@type":"ListItem","position":3,"name":"BPM &#8211; Cover Pop Rock"}]},{"@type":"WebSite","@id":"https:\/\/theartcafelagny.com\/#website","url":"https:\/\/theartcafelagny.com\/","name":"THE ART CAF\u00c9 LAGNY","description":"","publisher":{"@id":"https:\/\/theartcafelagny.com\/#organization"},"potentialAction":[{"@type":"SearchAction","target":{"@type":"EntryPoint","urlTemplate":"https:\/\/theartcafelagny.com\/?s={search_term_string}"},"query-input":{"@type":"PropertyValueSpecification","valueRequired":true,"valueName":"search_term_string"}}],"inLanguage":"fr-FR"},{"@type":"Organization","@id":"https:\/\/theartcafelagny.com\/#organization","name":"THE ART CAF\u00c9 LAGNY","url":"https:\/\/theartcafelagny.com\/","logo":{"@type":"ImageObject","inLanguage":"fr-FR","@id":"https:\/\/theartcafelagny.com\/#\/schema\/logo\/image\/","url":"https:\/\/theartcafelagny.com\/wp-content\/uploads\/2023\/07\/Logo-The-art-cafe.png","contentUrl":"https:\/\/theartcafelagny.com\/wp-content\/uploads\/2023\/07\/Logo-The-art-cafe.png","width":1536,"height":510,"caption":"THE ART CAF\u00c9 LAGNY"},"image":{"@id":"https:\/\/theartcafelagny.com\/#\/schema\/logo\/image\/"},"sameAs":["https:\/\/www.facebook.com\/THEARTCAFE.LAGNY\/?locale=fr_FR","https:\/\/www.instagram.com\/theartcafelagny\/?hl=fr"]}]}},"_links":{"self":[{"href":"https:\/\/theartcafelagny.com\/index.php?rest_route=\/wp\/v2\/tribe_events\/553","targetHints":{"allow":["GET"]}}],"collection":[{"href":"https:\/\/theartcafelagny.com\/index.php?rest_route=\/wp\/v2\/tribe_events"}],"about":[{"href":"https:\/\/theartcafelagny.com\/index.php?rest_route=\/wp\/v2\/types\/tribe_events"}],"author":[{"embeddable":true,"href":"https:\/\/theartcafelagny.com\/index.php?rest_route=\/wp\/v2\/users\/4"}],"version-history":[{"count":1,"href":"https:\/\/theartcafelagny.com\/index.php?rest_route=\/wp\/v2\/tribe_events\/553\/revisions"}],"predecessor-version":[{"id":555,"href":"https:\/\/theartcafelagny.com\/index.php?rest_route=\/wp\/v2\/tribe_events\/553\/revisions\/555"}],"wp:featuredmedia":[{"embeddable":true,"href":"https:\/\/theartcafelagny.com\/index.php?rest_route=\/wp\/v2\/media\/554"}],"wp:attachment":[{"href":"https:\/\/theartcafelagny.com\/index.php?rest_route=%2Fwp%2Fv2%2Fmedia&parent=553"}],"wp:term":[{"taxonomy":"post_tag","embeddable":true,"href":"https:\/\/theartcafelagny.com\/index.php?rest_route=%2Fwp%2Fv2%2Ftags&post=553"},{"taxonomy":"tribe_events_cat","embeddable":true,"href":"https:\/\/theartcafelagny.com\/index.php?rest_route=%2Fwp%2Fv2%2Ftribe_events_cat&post=553"}],"curies":[{"name":"wp","href":"https:\/\/api.w.org\/{rel}","templated":true}]}}

<p>120 BPM est un duo acoustique composé de Benjamin Bourlier, talentueux guitariste, et de Feryel Balagna, une voix envoûtante. Ensemble, ils créent une ambiance intime et chaleureuse à travers un répertoire éclectique de reprises. Leur complicité musicale et la simplicité de leurs arrangements permettent de redécouvrir des chansons dans leur plus pure expression, mettant en avant la puissance de l’émotion et de l’authenticité. 120 BPM sait captiver son public et l&#8217;emmener dans un voyage musical unique, rempli de douceur et de passion.</p>

<p>120 BPM est un duo acoustique composé de Benjamin Bourlier, talentueux guitariste, et de Feryel Balagna, une voix envoûtante. Ensemble, ils créent une ambiance intime et chaleureuse à travers un [&hellip;]</p>

<!-- This site is optimized with the Yoast SEO plugin v27.1.1 - https://yoast.com/product/yoast-seo-wordpress/ -->
<title>BPM - Cover Pop Rock - THE ART CAFÉ LAGNY</title>
<meta name="robots" content="index, follow, max-snippet:-1, max-image-preview:large, max-video-preview:-1" />
<link rel="canonical" href="https://theartcafelagny.com/?tribe_events=bpm-cover-pop-rock" />
<meta property="og:locale" content="fr_FR" />
<meta property="og:type" content="article" />
<meta property="og:title" content="BPM - Cover Pop Rock - THE ART CAFÉ LAGNY" />
<meta property="og:description" content="120 BPM est un duo acoustique composé de Benjamin Bourlier, talentueux guitariste, et de Feryel Balagna, une voix envoûtante. Ensemble, ils créent une ambiance intime et chaleureuse à travers un [&hellip;]" />
<meta property="og:url" content="https://theartcafelagny.com/?tribe_events=bpm-cover-pop-rock" />
<meta property="og:site_name" content="THE ART CAFÉ LAGNY" />
<meta property="article:publisher" content="https://www.facebook.com/THEARTCAFE.LAGNY/?locale=fr_FR" />
<meta property="og:image" content="https://theartcafelagny.com/wp-content/uploads/2024/10/IMG-20240919-WA0002.jpg" />
	<meta property="og:image:width" content="900" />
	<meta property="og:image:height" content="632" />
	<meta property="og:image:type" content="image/jpeg" />
<meta name="twitter:card" content="summary_large_image" />
<meta name="twitter:label1" content="Durée de lecture estimée" />
	<meta name="twitter:data1" content="1 minute" />
<script type="application/ld+json" class="yoast-schema-graph">{"@context":"https://schema.org","@graph":[{"@type":"WebPage","@id":"https://theartcafelagny.com/?tribe_events=bpm-cover-pop-rock","url":"https://theartcafelagny.com/?tribe_events=bpm-cover-pop-rock","name":"BPM - Cover Pop Rock - THE ART CAFÉ LAGNY","isPartOf":{"@id":"https://theartcafelagny.com/#website"},"primaryImageOfPage":{"@id":"https://theartcafelagny.com/?tribe_events=bpm-cover-pop-rock#primaryimage"},"image":{"@id":"https://theartcafelagny.com/?tribe_events=bpm-cover-pop-rock#primaryimage"},"thumbnailUrl":"https://theartcafelagny.com/wp-content/uploads/2024/10/IMG-20240919-WA0002.jpg","datePublished":"2024-10-27T10:17:50+00:00","breadcrumb":{"@id":"https://theartcafelagny.com/?tribe_events=bpm-cover-pop-rock#breadcrumb"},"inLanguage":"fr-FR","potentialAction":[{"@type":"ReadAction","target":["https://theartcafelagny.com/?tribe_events=bpm-cover-pop-rock"]}]},{"@type":"ImageObject","inLanguage":"fr-FR","@id":"https://theartcafelagny.com/?tribe_events=bpm-cover-pop-rock#primaryimage","url":"https://theartcafelagny.com/wp-content/uploads/2024/10/IMG-20240919-WA0002.jpg","contentUrl":"https://theartcafelagny.com/wp-content/uploads/2024/10/IMG-20240919-WA0002.jpg","width":900,"height":632},{"@type":"BreadcrumbList","@id":"https://theartcafelagny.com/?tribe_events=bpm-cover-pop-rock#breadcrumb","itemListElement":[{"@type":"ListItem","position":1,"name":"Accueil","item":"https://theartcafelagny.com/"},{"@type":"ListItem","position":2,"name":"Évènements","item":"https://theartcafelagny.com/?post_type=tribe_events"},{"@type":"ListItem","position":3,"name":"BPM &#8211; Cover Pop Rock"}]},{"@type":"WebSite","@id":"https://theartcafelagny.com/#website","url":"https://theartcafelagny.com/","name":"THE ART CAFÉ LAGNY","description":"","publisher":{"@id":"https://theartcafelagny.com/#organization"},"potentialAction":[{"@type":"SearchAction","target":{"@type":"EntryPoint","urlTemplate":"https://theartcafelagny.com/?s={search_term_string}"},"query-input":{"@type":"PropertyValueSpecification","valueRequired":true,"valueName":"search_term_string"}}],"inLanguage":"fr-FR"},{"@type":"Organization","@id":"https://theartcafelagny.com/#organization","name":"THE ART CAFÉ LAGNY","url":"https://theartcafelagny.com/","logo":{"@type":"ImageObject","inLanguage":"fr-FR","@id":"https://theartcafelagny.com/#/schema/logo/image/","url":"https://theartcafelagny.com/wp-content/uploads/2023/07/Logo-The-art-cafe.png","contentUrl":"https://theartcafelagny.com/wp-content/uploads/2023/07/Logo-The-art-cafe.png","width":1536,"height":510,"caption":"THE ART CAFÉ LAGNY"},"image":{"@id":"https://theartcafelagny.com/#/schema/logo/image/"},"sameAs":["https://www.facebook.com/THEARTCAFE.LAGNY/?locale=fr_FR","https://www.instagram.com/theartcafelagny/?hl=fr"]}]}</script>
<!-- / Yoast SEO plugin. -->

BPM - Cover Pop Rock - THE ART CAFÉ LAGNY

120 BPM est un duo acoustique composé de Benjamin Bourlier, talentueux guitariste, et de Feryel Balagna, une voix envoûtante. Ensemble, ils créent une ambiance intime et chaleureuse à travers un [&hellip;]

THE ART CAFÉ LAGNY

Évènements
