{"id":639,"date":"2025-03-24T22:28:00","date_gmt":"2025-03-24T21:28:00","guid":{"rendered":"https:\/\/theartcafelagny.com\/?post_type=tribe_events&#038;p=639"},"modified":"2025-11-14T10:22:45","modified_gmt":"2025-11-14T09:22:45","slug":"flora-dahan-rabeson-jazz-rnb-soul-reggae-pop","status":"publish","type":"tribe_events","link":"https:\/\/theartcafelagny.com\/?tribe_events=flora-dahan-rabeson-jazz-rnb-soul-reggae-pop","title":{"rendered":"Flora Dahan Rabeson &#8211; Pop, Soul, Jazz"},"content":{"rendered":"<p>Le duo Flora Dahan Rabeson &amp; Joris Pons explore un univers intimiste et vibrant, o\u00f9 la voix et la guitare se r\u00e9pondent dans des r\u00e9arrangements originaux. Leur r\u00e9pertoire navigue entre jazz, soul et pop, pour un moment musical \u00e0 la fois \u00e9l\u00e9gant et chaleureux.<\/p>\n","protected":false},"excerpt":{"rendered":"<p>Le duo Flora Dahan Rabeson &amp; Joris Pons explore un univers intimiste et vibrant, o\u00f9 la voix et la guitare se r\u00e9pondent dans des r\u00e9arrangements originaux. Leur r\u00e9pertoire navigue entre [&hellip;]<\/p>\n","protected":false},"author":4,"featured_media":711,"template":"","meta":{"_tribe_events_status":"","_tribe_events_status_reason":"","footnotes":""},"tags":[],"tribe_events_cat":[],"class_list":["post-639","tribe_events","type-tribe_events","status-publish","has-post-thumbnail","hentry"],"yoast_head":"<!-- This site is optimized with the Yoast SEO plugin v27.1.1 - https:\/\/yoast.com\/product\/yoast-seo-wordpress\/ -->\n<title>Flora Dahan Rabeson - Pop, Soul, Jazz - THE ART CAF\u00c9 LAGNY<\/title>\n<meta name=\"robots\" content=\"index, follow, max-snippet:-1, max-image-preview:large, max-video-preview:-1\" \/>\n<link rel=\"canonical\" href=\"https:\/\/theartcafelagny.com\/?tribe_events=flora-dahan-rabeson-jazz-rnb-soul-reggae-pop\" \/>\n<meta property=\"og:locale\" content=\"fr_FR\" \/>\n<meta property=\"og:type\" content=\"article\" \/>\n<meta property=\"og:title\" content=\"Flora Dahan Rabeson - Pop, Soul, Jazz - THE ART CAF\u00c9 LAGNY\" \/>\n<meta property=\"og:description\" content=\"Le duo Flora Dahan Rabeson &amp; Joris Pons explore un univers intimiste et vibrant, o\u00f9 la voix et la guitare se r\u00e9pondent dans des r\u00e9arrangements originaux. Leur r\u00e9pertoire navigue entre [&hellip;]\" \/>\n<meta property=\"og:url\" content=\"https:\/\/theartcafelagny.com\/?tribe_events=flora-dahan-rabeson-jazz-rnb-soul-reggae-pop\" \/>\n<meta property=\"og:site_name\" content=\"THE ART CAF\u00c9 LAGNY\" \/>\n<meta property=\"article:publisher\" content=\"https:\/\/www.facebook.com\/THEARTCAFE.LAGNY\/?locale=fr_FR\" \/>\n<meta property=\"article:modified_time\" content=\"2025-11-14T09:22:45+00:00\" \/>\n<meta property=\"og:image\" content=\"https:\/\/theartcafelagny.com\/wp-content\/uploads\/2025\/03\/1000045801.jpg\" \/>\n\t<meta property=\"og:image:width\" content=\"1080\" \/>\n\t<meta property=\"og:image:height\" content=\"818\" \/>\n\t<meta property=\"og:image:type\" content=\"image\/jpeg\" \/>\n<meta name=\"twitter:card\" content=\"summary_large_image\" \/>\n<meta name=\"twitter:label1\" content=\"Dur\u00e9e de lecture estim\u00e9e\" \/>\n\t<meta name=\"twitter:data1\" content=\"1 minute\" \/>\n<script type=\"application\/ld+json\" class=\"yoast-schema-graph\">{\"@context\":\"https:\/\/schema.org\",\"@graph\":[{\"@type\":\"WebPage\",\"@id\":\"https:\/\/theartcafelagny.com\/?tribe_events=flora-dahan-rabeson-jazz-rnb-soul-reggae-pop\",\"url\":\"https:\/\/theartcafelagny.com\/?tribe_events=flora-dahan-rabeson-jazz-rnb-soul-reggae-pop\",\"name\":\"Flora Dahan Rabeson - Pop, Soul, Jazz - THE ART CAF\u00c9 LAGNY\",\"isPartOf\":{\"@id\":\"https:\/\/theartcafelagny.com\/#website\"},\"primaryImageOfPage\":{\"@id\":\"https:\/\/theartcafelagny.com\/?tribe_events=flora-dahan-rabeson-jazz-rnb-soul-reggae-pop#primaryimage\"},\"image\":{\"@id\":\"https:\/\/theartcafelagny.com\/?tribe_events=flora-dahan-rabeson-jazz-rnb-soul-reggae-pop#primaryimage\"},\"thumbnailUrl\":\"https:\/\/theartcafelagny.com\/wp-content\/uploads\/2025\/03\/1000045801.jpg\",\"datePublished\":\"2025-03-24T21:28:00+00:00\",\"dateModified\":\"2025-11-14T09:22:45+00:00\",\"breadcrumb\":{\"@id\":\"https:\/\/theartcafelagny.com\/?tribe_events=flora-dahan-rabeson-jazz-rnb-soul-reggae-pop#breadcrumb\"},\"inLanguage\":\"fr-FR\",\"potentialAction\":[{\"@type\":\"ReadAction\",\"target\":[\"https:\/\/theartcafelagny.com\/?tribe_events=flora-dahan-rabeson-jazz-rnb-soul-reggae-pop\"]}]},{\"@type\":\"ImageObject\",\"inLanguage\":\"fr-FR\",\"@id\":\"https:\/\/theartcafelagny.com\/?tribe_events=flora-dahan-rabeson-jazz-rnb-soul-reggae-pop#primaryimage\",\"url\":\"https:\/\/theartcafelagny.com\/wp-content\/uploads\/2025\/03\/1000045801.jpg\",\"contentUrl\":\"https:\/\/theartcafelagny.com\/wp-content\/uploads\/2025\/03\/1000045801.jpg\",\"width\":1080,\"height\":818},{\"@type\":\"BreadcrumbList\",\"@id\":\"https:\/\/theartcafelagny.com\/?tribe_events=flora-dahan-rabeson-jazz-rnb-soul-reggae-pop#breadcrumb\",\"itemListElement\":[{\"@type\":\"ListItem\",\"position\":1,\"name\":\"Accueil\",\"item\":\"https:\/\/theartcafelagny.com\/\"},{\"@type\":\"ListItem\",\"position\":2,\"name\":\"\u00c9v\u00e8nements\",\"item\":\"https:\/\/theartcafelagny.com\/?post_type=tribe_events\"},{\"@type\":\"ListItem\",\"position\":3,\"name\":\"Flora Dahan Rabeson &#8211; Pop, Soul, Jazz\"}]},{\"@type\":\"WebSite\",\"@id\":\"https:\/\/theartcafelagny.com\/#website\",\"url\":\"https:\/\/theartcafelagny.com\/\",\"name\":\"THE ART CAF\u00c9 LAGNY\",\"description\":\"\",\"publisher\":{\"@id\":\"https:\/\/theartcafelagny.com\/#organization\"},\"potentialAction\":[{\"@type\":\"SearchAction\",\"target\":{\"@type\":\"EntryPoint\",\"urlTemplate\":\"https:\/\/theartcafelagny.com\/?s={search_term_string}\"},\"query-input\":{\"@type\":\"PropertyValueSpecification\",\"valueRequired\":true,\"valueName\":\"search_term_string\"}}],\"inLanguage\":\"fr-FR\"},{\"@type\":\"Organization\",\"@id\":\"https:\/\/theartcafelagny.com\/#organization\",\"name\":\"THE ART CAF\u00c9 LAGNY\",\"url\":\"https:\/\/theartcafelagny.com\/\",\"logo\":{\"@type\":\"ImageObject\",\"inLanguage\":\"fr-FR\",\"@id\":\"https:\/\/theartcafelagny.com\/#\/schema\/logo\/image\/\",\"url\":\"https:\/\/theartcafelagny.com\/wp-content\/uploads\/2023\/07\/Logo-The-art-cafe.png\",\"contentUrl\":\"https:\/\/theartcafelagny.com\/wp-content\/uploads\/2023\/07\/Logo-The-art-cafe.png\",\"width\":1536,\"height\":510,\"caption\":\"THE ART CAF\u00c9 LAGNY\"},\"image\":{\"@id\":\"https:\/\/theartcafelagny.com\/#\/schema\/logo\/image\/\"},\"sameAs\":[\"https:\/\/www.facebook.com\/THEARTCAFE.LAGNY\/?locale=fr_FR\",\"https:\/\/www.instagram.com\/theartcafelagny\/?hl=fr\"]}]}<\/script>\n<!-- \/ Yoast SEO plugin. -->","yoast_head_json":{"title":"Flora Dahan Rabeson - Pop, Soul, Jazz - THE ART CAF\u00c9 LAGNY","robots":{"index":"index","follow":"follow","max-snippet":"max-snippet:-1","max-image-preview":"max-image-preview:large","max-video-preview":"max-video-preview:-1"},"canonical":"https:\/\/theartcafelagny.com\/?tribe_events=flora-dahan-rabeson-jazz-rnb-soul-reggae-pop","og_locale":"fr_FR","og_type":"article","og_title":"Flora Dahan Rabeson - Pop, Soul, Jazz - THE ART CAF\u00c9 LAGNY","og_description":"Le duo Flora Dahan Rabeson &amp; Joris Pons explore un univers intimiste et vibrant, o\u00f9 la voix et la guitare se r\u00e9pondent dans des r\u00e9arrangements originaux. Leur r\u00e9pertoire navigue entre [&hellip;]","og_url":"https:\/\/theartcafelagny.com\/?tribe_events=flora-dahan-rabeson-jazz-rnb-soul-reggae-pop","og_site_name":"THE ART CAF\u00c9 LAGNY","article_publisher":"https:\/\/www.facebook.com\/THEARTCAFE.LAGNY\/?locale=fr_FR","article_modified_time":"2025-11-14T09:22:45+00:00","og_image":[{"width":1080,"height":818,"url":"https:\/\/theartcafelagny.com\/wp-content\/uploads\/2025\/03\/1000045801.jpg","type":"image\/jpeg"}],"twitter_card":"summary_large_image","twitter_misc":{"Dur\u00e9e de lecture estim\u00e9e":"1 minute"},"schema":{"@context":"https:\/\/schema.org","@graph":[{"@type":"WebPage","@id":"https:\/\/theartcafelagny.com\/?tribe_events=flora-dahan-rabeson-jazz-rnb-soul-reggae-pop","url":"https:\/\/theartcafelagny.com\/?tribe_events=flora-dahan-rabeson-jazz-rnb-soul-reggae-pop","name":"Flora Dahan Rabeson - Pop, Soul, Jazz - THE ART CAF\u00c9 LAGNY","isPartOf":{"@id":"https:\/\/theartcafelagny.com\/#website"},"primaryImageOfPage":{"@id":"https:\/\/theartcafelagny.com\/?tribe_events=flora-dahan-rabeson-jazz-rnb-soul-reggae-pop#primaryimage"},"image":{"@id":"https:\/\/theartcafelagny.com\/?tribe_events=flora-dahan-rabeson-jazz-rnb-soul-reggae-pop#primaryimage"},"thumbnailUrl":"https:\/\/theartcafelagny.com\/wp-content\/uploads\/2025\/03\/1000045801.jpg","datePublished":"2025-03-24T21:28:00+00:00","dateModified":"2025-11-14T09:22:45+00:00","breadcrumb":{"@id":"https:\/\/theartcafelagny.com\/?tribe_events=flora-dahan-rabeson-jazz-rnb-soul-reggae-pop#breadcrumb"},"inLanguage":"fr-FR","potentialAction":[{"@type":"ReadAction","target":["https:\/\/theartcafelagny.com\/?tribe_events=flora-dahan-rabeson-jazz-rnb-soul-reggae-pop"]}]},{"@type":"ImageObject","inLanguage":"fr-FR","@id":"https:\/\/theartcafelagny.com\/?tribe_events=flora-dahan-rabeson-jazz-rnb-soul-reggae-pop#primaryimage","url":"https:\/\/theartcafelagny.com\/wp-content\/uploads\/2025\/03\/1000045801.jpg","contentUrl":"https:\/\/theartcafelagny.com\/wp-content\/uploads\/2025\/03\/1000045801.jpg","width":1080,"height":818},{"@type":"BreadcrumbList","@id":"https:\/\/theartcafelagny.com\/?tribe_events=flora-dahan-rabeson-jazz-rnb-soul-reggae-pop#breadcrumb","itemListElement":[{"@type":"ListItem","position":1,"name":"Accueil","item":"https:\/\/theartcafelagny.com\/"},{"@type":"ListItem","position":2,"name":"\u00c9v\u00e8nements","item":"https:\/\/theartcafelagny.com\/?post_type=tribe_events"},{"@type":"ListItem","position":3,"name":"Flora Dahan Rabeson &#8211; Pop, Soul, Jazz"}]},{"@type":"WebSite","@id":"https:\/\/theartcafelagny.com\/#website","url":"https:\/\/theartcafelagny.com\/","name":"THE ART CAF\u00c9 LAGNY","description":"","publisher":{"@id":"https:\/\/theartcafelagny.com\/#organization"},"potentialAction":[{"@type":"SearchAction","target":{"@type":"EntryPoint","urlTemplate":"https:\/\/theartcafelagny.com\/?s={search_term_string}"},"query-input":{"@type":"PropertyValueSpecification","valueRequired":true,"valueName":"search_term_string"}}],"inLanguage":"fr-FR"},{"@type":"Organization","@id":"https:\/\/theartcafelagny.com\/#organization","name":"THE ART CAF\u00c9 LAGNY","url":"https:\/\/theartcafelagny.com\/","logo":{"@type":"ImageObject","inLanguage":"fr-FR","@id":"https:\/\/theartcafelagny.com\/#\/schema\/logo\/image\/","url":"https:\/\/theartcafelagny.com\/wp-content\/uploads\/2023\/07\/Logo-The-art-cafe.png","contentUrl":"https:\/\/theartcafelagny.com\/wp-content\/uploads\/2023\/07\/Logo-The-art-cafe.png","width":1536,"height":510,"caption":"THE ART CAF\u00c9 LAGNY"},"image":{"@id":"https:\/\/theartcafelagny.com\/#\/schema\/logo\/image\/"},"sameAs":["https:\/\/www.facebook.com\/THEARTCAFE.LAGNY\/?locale=fr_FR","https:\/\/www.instagram.com\/theartcafelagny\/?hl=fr"]}]}},"_links":{"self":[{"href":"https:\/\/theartcafelagny.com\/index.php?rest_route=\/wp\/v2\/tribe_events\/639","targetHints":{"allow":["GET"]}}],"collection":[{"href":"https:\/\/theartcafelagny.com\/index.php?rest_route=\/wp\/v2\/tribe_events"}],"about":[{"href":"https:\/\/theartcafelagny.com\/index.php?rest_route=\/wp\/v2\/types\/tribe_events"}],"author":[{"embeddable":true,"href":"https:\/\/theartcafelagny.com\/index.php?rest_route=\/wp\/v2\/users\/4"}],"version-history":[{"count":3,"href":"https:\/\/theartcafelagny.com\/index.php?rest_route=\/wp\/v2\/tribe_events\/639\/revisions"}],"predecessor-version":[{"id":712,"href":"https:\/\/theartcafelagny.com\/index.php?rest_route=\/wp\/v2\/tribe_events\/639\/revisions\/712"}],"wp:featuredmedia":[{"embeddable":true,"href":"https:\/\/theartcafelagny.com\/index.php?rest_route=\/wp\/v2\/media\/711"}],"wp:attachment":[{"href":"https:\/\/theartcafelagny.com\/index.php?rest_route=%2Fwp%2Fv2%2Fmedia&parent=639"}],"wp:term":[{"taxonomy":"post_tag","embeddable":true,"href":"https:\/\/theartcafelagny.com\/index.php?rest_route=%2Fwp%2Fv2%2Ftags&post=639"},{"taxonomy":"tribe_events_cat","embeddable":true,"href":"https:\/\/theartcafelagny.com\/index.php?rest_route=%2Fwp%2Fv2%2Ftribe_events_cat&post=639"}],"curies":[{"name":"wp","href":"https:\/\/api.w.org\/{rel}","templated":true}]}}

<p>Le duo Flora Dahan Rabeson &amp; Joris Pons explore un univers intimiste et vibrant, où la voix et la guitare se répondent dans des réarrangements originaux. Leur répertoire navigue entre jazz, soul et pop, pour un moment musical à la fois élégant et chaleureux.</p>

<p>Le duo Flora Dahan Rabeson &amp; Joris Pons explore un univers intimiste et vibrant, où la voix et la guitare se répondent dans des réarrangements originaux. Leur répertoire navigue entre [&hellip;]</p>

<!-- This site is optimized with the Yoast SEO plugin v27.1.1 - https://yoast.com/product/yoast-seo-wordpress/ -->
<title>Flora Dahan Rabeson - Pop, Soul, Jazz - THE ART CAFÉ LAGNY</title>
<meta name="robots" content="index, follow, max-snippet:-1, max-image-preview:large, max-video-preview:-1" />
<link rel="canonical" href="https://theartcafelagny.com/?tribe_events=flora-dahan-rabeson-jazz-rnb-soul-reggae-pop" />
<meta property="og:locale" content="fr_FR" />
<meta property="og:type" content="article" />
<meta property="og:title" content="Flora Dahan Rabeson - Pop, Soul, Jazz - THE ART CAFÉ LAGNY" />
<meta property="og:description" content="Le duo Flora Dahan Rabeson &amp; Joris Pons explore un univers intimiste et vibrant, où la voix et la guitare se répondent dans des réarrangements originaux. Leur répertoire navigue entre [&hellip;]" />
<meta property="og:url" content="https://theartcafelagny.com/?tribe_events=flora-dahan-rabeson-jazz-rnb-soul-reggae-pop" />
<meta property="og:site_name" content="THE ART CAFÉ LAGNY" />
<meta property="article:publisher" content="https://www.facebook.com/THEARTCAFE.LAGNY/?locale=fr_FR" />
<meta property="article:modified_time" content="2025-11-14T09:22:45+00:00" />
<meta property="og:image" content="https://theartcafelagny.com/wp-content/uploads/2025/03/1000045801.jpg" />
	<meta property="og:image:width" content="1080" />
	<meta property="og:image:height" content="818" />
	<meta property="og:image:type" content="image/jpeg" />
<meta name="twitter:card" content="summary_large_image" />
<meta name="twitter:label1" content="Durée de lecture estimée" />
	<meta name="twitter:data1" content="1 minute" />
<script type="application/ld+json" class="yoast-schema-graph">{"@context":"https://schema.org","@graph":[{"@type":"WebPage","@id":"https://theartcafelagny.com/?tribe_events=flora-dahan-rabeson-jazz-rnb-soul-reggae-pop","url":"https://theartcafelagny.com/?tribe_events=flora-dahan-rabeson-jazz-rnb-soul-reggae-pop","name":"Flora Dahan Rabeson - Pop, Soul, Jazz - THE ART CAFÉ LAGNY","isPartOf":{"@id":"https://theartcafelagny.com/#website"},"primaryImageOfPage":{"@id":"https://theartcafelagny.com/?tribe_events=flora-dahan-rabeson-jazz-rnb-soul-reggae-pop#primaryimage"},"image":{"@id":"https://theartcafelagny.com/?tribe_events=flora-dahan-rabeson-jazz-rnb-soul-reggae-pop#primaryimage"},"thumbnailUrl":"https://theartcafelagny.com/wp-content/uploads/2025/03/1000045801.jpg","datePublished":"2025-03-24T21:28:00+00:00","dateModified":"2025-11-14T09:22:45+00:00","breadcrumb":{"@id":"https://theartcafelagny.com/?tribe_events=flora-dahan-rabeson-jazz-rnb-soul-reggae-pop#breadcrumb"},"inLanguage":"fr-FR","potentialAction":[{"@type":"ReadAction","target":["https://theartcafelagny.com/?tribe_events=flora-dahan-rabeson-jazz-rnb-soul-reggae-pop"]}]},{"@type":"ImageObject","inLanguage":"fr-FR","@id":"https://theartcafelagny.com/?tribe_events=flora-dahan-rabeson-jazz-rnb-soul-reggae-pop#primaryimage","url":"https://theartcafelagny.com/wp-content/uploads/2025/03/1000045801.jpg","contentUrl":"https://theartcafelagny.com/wp-content/uploads/2025/03/1000045801.jpg","width":1080,"height":818},{"@type":"BreadcrumbList","@id":"https://theartcafelagny.com/?tribe_events=flora-dahan-rabeson-jazz-rnb-soul-reggae-pop#breadcrumb","itemListElement":[{"@type":"ListItem","position":1,"name":"Accueil","item":"https://theartcafelagny.com/"},{"@type":"ListItem","position":2,"name":"Évènements","item":"https://theartcafelagny.com/?post_type=tribe_events"},{"@type":"ListItem","position":3,"name":"Flora Dahan Rabeson &#8211; Pop, Soul, Jazz"}]},{"@type":"WebSite","@id":"https://theartcafelagny.com/#website","url":"https://theartcafelagny.com/","name":"THE ART CAFÉ LAGNY","description":"","publisher":{"@id":"https://theartcafelagny.com/#organization"},"potentialAction":[{"@type":"SearchAction","target":{"@type":"EntryPoint","urlTemplate":"https://theartcafelagny.com/?s={search_term_string}"},"query-input":{"@type":"PropertyValueSpecification","valueRequired":true,"valueName":"search_term_string"}}],"inLanguage":"fr-FR"},{"@type":"Organization","@id":"https://theartcafelagny.com/#organization","name":"THE ART CAFÉ LAGNY","url":"https://theartcafelagny.com/","logo":{"@type":"ImageObject","inLanguage":"fr-FR","@id":"https://theartcafelagny.com/#/schema/logo/image/","url":"https://theartcafelagny.com/wp-content/uploads/2023/07/Logo-The-art-cafe.png","contentUrl":"https://theartcafelagny.com/wp-content/uploads/2023/07/Logo-The-art-cafe.png","width":1536,"height":510,"caption":"THE ART CAFÉ LAGNY"},"image":{"@id":"https://theartcafelagny.com/#/schema/logo/image/"},"sameAs":["https://www.facebook.com/THEARTCAFE.LAGNY/?locale=fr_FR","https://www.instagram.com/theartcafelagny/?hl=fr"]}]}</script>
<!-- / Yoast SEO plugin. -->

Flora Dahan Rabeson - Pop, Soul, Jazz - THE ART CAFÉ LAGNY

Le duo Flora Dahan Rabeson &amp; Joris Pons explore un univers intimiste et vibrant, où la voix et la guitare se répondent dans des réarrangements originaux. Leur répertoire navigue entre [&hellip;]

THE ART CAFÉ LAGNY

Évènements
