{"id":692,"date":"2025-10-01T16:24:41","date_gmt":"2025-10-01T14:24:41","guid":{"rendered":"https:\/\/theartcafelagny.com\/?post_type=tribe_events&#038;p=692"},"modified":"2025-10-01T16:24:41","modified_gmt":"2025-10-01T14:24:41","slug":"back-to-jazz","status":"publish","type":"tribe_events","link":"https:\/\/theartcafelagny.com\/?tribe_events=back-to-jazz","title":{"rendered":"Back to Jazz"},"content":{"rendered":"<p><span style=\"font-family: arial, sans-serif;\"><span class=\"flex-1 border-none focus:outline-none\" contenteditable=\"true\">Rejoignez-nous pour une soir\u00e9e envo\u00fbtante avec notre trio jazz exceptionnel ! Plongez dans un univers musical o\u00f9 le saxophone s&rsquo;entrelace harmonieusement avec les autres instruments. Laissez-vous emporter par des improvisations captivantes et des m\u00e9lodies enivrantes. Ne manquez pas cette exp\u00e9rience unique, o\u00f9 la passion du jazz prend vie sur sc\u00e8ne !<\/span><\/span><\/p>\n","protected":false},"excerpt":{"rendered":"<p>Rejoignez-nous pour une soir\u00e9e envo\u00fbtante avec notre trio jazz exceptionnel ! Plongez dans un univers musical o\u00f9 le saxophone s&rsquo;entrelace harmonieusement avec les autres instruments. Laissez-vous emporter par des improvisations [&hellip;]<\/p>\n","protected":false},"author":4,"featured_media":693,"template":"","meta":{"_tribe_events_status":"","_tribe_events_status_reason":"","footnotes":""},"tags":[],"tribe_events_cat":[],"class_list":["post-692","tribe_events","type-tribe_events","status-publish","has-post-thumbnail","hentry"],"yoast_head":"<!-- This site is optimized with the Yoast SEO plugin v27.1.1 - https:\/\/yoast.com\/product\/yoast-seo-wordpress\/ -->\n<title>Back to Jazz - THE ART CAF\u00c9 LAGNY<\/title>\n<meta name=\"robots\" content=\"index, follow, max-snippet:-1, max-image-preview:large, max-video-preview:-1\" \/>\n<link rel=\"canonical\" href=\"https:\/\/theartcafelagny.com\/?tribe_events=back-to-jazz\" \/>\n<meta property=\"og:locale\" content=\"fr_FR\" \/>\n<meta property=\"og:type\" content=\"article\" \/>\n<meta property=\"og:title\" content=\"Back to Jazz - THE ART CAF\u00c9 LAGNY\" \/>\n<meta property=\"og:description\" content=\"Rejoignez-nous pour une soir\u00e9e envo\u00fbtante avec notre trio jazz exceptionnel ! Plongez dans un univers musical o\u00f9 le saxophone s&rsquo;entrelace harmonieusement avec les autres instruments. Laissez-vous emporter par des improvisations [&hellip;]\" \/>\n<meta property=\"og:url\" content=\"https:\/\/theartcafelagny.com\/?tribe_events=back-to-jazz\" \/>\n<meta property=\"og:site_name\" content=\"THE ART CAF\u00c9 LAGNY\" \/>\n<meta property=\"article:publisher\" content=\"https:\/\/www.facebook.com\/THEARTCAFE.LAGNY\/?locale=fr_FR\" \/>\n<meta property=\"og:image\" content=\"https:\/\/theartcafelagny.com\/wp-content\/uploads\/2025\/10\/ab67616d0000b27311a9c28322af29cbac9fbf1f.jpg\" \/>\n\t<meta property=\"og:image:width\" content=\"640\" \/>\n\t<meta property=\"og:image:height\" content=\"640\" \/>\n\t<meta property=\"og:image:type\" content=\"image\/jpeg\" \/>\n<meta name=\"twitter:card\" content=\"summary_large_image\" \/>\n<meta name=\"twitter:label1\" content=\"Dur\u00e9e de lecture estim\u00e9e\" \/>\n\t<meta name=\"twitter:data1\" content=\"1 minute\" \/>\n<script type=\"application\/ld+json\" class=\"yoast-schema-graph\">{\"@context\":\"https:\/\/schema.org\",\"@graph\":[{\"@type\":\"WebPage\",\"@id\":\"https:\/\/theartcafelagny.com\/?tribe_events=back-to-jazz\",\"url\":\"https:\/\/theartcafelagny.com\/?tribe_events=back-to-jazz\",\"name\":\"Back to Jazz - THE ART CAF\u00c9 LAGNY\",\"isPartOf\":{\"@id\":\"https:\/\/theartcafelagny.com\/#website\"},\"primaryImageOfPage\":{\"@id\":\"https:\/\/theartcafelagny.com\/?tribe_events=back-to-jazz#primaryimage\"},\"image\":{\"@id\":\"https:\/\/theartcafelagny.com\/?tribe_events=back-to-jazz#primaryimage\"},\"thumbnailUrl\":\"https:\/\/theartcafelagny.com\/wp-content\/uploads\/2025\/10\/ab67616d0000b27311a9c28322af29cbac9fbf1f.jpg\",\"datePublished\":\"2025-10-01T14:24:41+00:00\",\"breadcrumb\":{\"@id\":\"https:\/\/theartcafelagny.com\/?tribe_events=back-to-jazz#breadcrumb\"},\"inLanguage\":\"fr-FR\",\"potentialAction\":[{\"@type\":\"ReadAction\",\"target\":[\"https:\/\/theartcafelagny.com\/?tribe_events=back-to-jazz\"]}]},{\"@type\":\"ImageObject\",\"inLanguage\":\"fr-FR\",\"@id\":\"https:\/\/theartcafelagny.com\/?tribe_events=back-to-jazz#primaryimage\",\"url\":\"https:\/\/theartcafelagny.com\/wp-content\/uploads\/2025\/10\/ab67616d0000b27311a9c28322af29cbac9fbf1f.jpg\",\"contentUrl\":\"https:\/\/theartcafelagny.com\/wp-content\/uploads\/2025\/10\/ab67616d0000b27311a9c28322af29cbac9fbf1f.jpg\",\"width\":640,\"height\":640},{\"@type\":\"BreadcrumbList\",\"@id\":\"https:\/\/theartcafelagny.com\/?tribe_events=back-to-jazz#breadcrumb\",\"itemListElement\":[{\"@type\":\"ListItem\",\"position\":1,\"name\":\"Accueil\",\"item\":\"https:\/\/theartcafelagny.com\/\"},{\"@type\":\"ListItem\",\"position\":2,\"name\":\"\u00c9v\u00e8nements\",\"item\":\"https:\/\/theartcafelagny.com\/?post_type=tribe_events\"},{\"@type\":\"ListItem\",\"position\":3,\"name\":\"Back to Jazz\"}]},{\"@type\":\"WebSite\",\"@id\":\"https:\/\/theartcafelagny.com\/#website\",\"url\":\"https:\/\/theartcafelagny.com\/\",\"name\":\"THE ART CAF\u00c9 LAGNY\",\"description\":\"\",\"publisher\":{\"@id\":\"https:\/\/theartcafelagny.com\/#organization\"},\"potentialAction\":[{\"@type\":\"SearchAction\",\"target\":{\"@type\":\"EntryPoint\",\"urlTemplate\":\"https:\/\/theartcafelagny.com\/?s={search_term_string}\"},\"query-input\":{\"@type\":\"PropertyValueSpecification\",\"valueRequired\":true,\"valueName\":\"search_term_string\"}}],\"inLanguage\":\"fr-FR\"},{\"@type\":\"Organization\",\"@id\":\"https:\/\/theartcafelagny.com\/#organization\",\"name\":\"THE ART CAF\u00c9 LAGNY\",\"url\":\"https:\/\/theartcafelagny.com\/\",\"logo\":{\"@type\":\"ImageObject\",\"inLanguage\":\"fr-FR\",\"@id\":\"https:\/\/theartcafelagny.com\/#\/schema\/logo\/image\/\",\"url\":\"https:\/\/theartcafelagny.com\/wp-content\/uploads\/2023\/07\/Logo-The-art-cafe.png\",\"contentUrl\":\"https:\/\/theartcafelagny.com\/wp-content\/uploads\/2023\/07\/Logo-The-art-cafe.png\",\"width\":1536,\"height\":510,\"caption\":\"THE ART CAF\u00c9 LAGNY\"},\"image\":{\"@id\":\"https:\/\/theartcafelagny.com\/#\/schema\/logo\/image\/\"},\"sameAs\":[\"https:\/\/www.facebook.com\/THEARTCAFE.LAGNY\/?locale=fr_FR\",\"https:\/\/www.instagram.com\/theartcafelagny\/?hl=fr\"]}]}<\/script>\n<!-- \/ Yoast SEO plugin. -->","yoast_head_json":{"title":"Back to Jazz - THE ART CAF\u00c9 LAGNY","robots":{"index":"index","follow":"follow","max-snippet":"max-snippet:-1","max-image-preview":"max-image-preview:large","max-video-preview":"max-video-preview:-1"},"canonical":"https:\/\/theartcafelagny.com\/?tribe_events=back-to-jazz","og_locale":"fr_FR","og_type":"article","og_title":"Back to Jazz - THE ART CAF\u00c9 LAGNY","og_description":"Rejoignez-nous pour une soir\u00e9e envo\u00fbtante avec notre trio jazz exceptionnel ! Plongez dans un univers musical o\u00f9 le saxophone s&rsquo;entrelace harmonieusement avec les autres instruments. Laissez-vous emporter par des improvisations [&hellip;]","og_url":"https:\/\/theartcafelagny.com\/?tribe_events=back-to-jazz","og_site_name":"THE ART CAF\u00c9 LAGNY","article_publisher":"https:\/\/www.facebook.com\/THEARTCAFE.LAGNY\/?locale=fr_FR","og_image":[{"width":640,"height":640,"url":"https:\/\/theartcafelagny.com\/wp-content\/uploads\/2025\/10\/ab67616d0000b27311a9c28322af29cbac9fbf1f.jpg","type":"image\/jpeg"}],"twitter_card":"summary_large_image","twitter_misc":{"Dur\u00e9e de lecture estim\u00e9e":"1 minute"},"schema":{"@context":"https:\/\/schema.org","@graph":[{"@type":"WebPage","@id":"https:\/\/theartcafelagny.com\/?tribe_events=back-to-jazz","url":"https:\/\/theartcafelagny.com\/?tribe_events=back-to-jazz","name":"Back to Jazz - THE ART CAF\u00c9 LAGNY","isPartOf":{"@id":"https:\/\/theartcafelagny.com\/#website"},"primaryImageOfPage":{"@id":"https:\/\/theartcafelagny.com\/?tribe_events=back-to-jazz#primaryimage"},"image":{"@id":"https:\/\/theartcafelagny.com\/?tribe_events=back-to-jazz#primaryimage"},"thumbnailUrl":"https:\/\/theartcafelagny.com\/wp-content\/uploads\/2025\/10\/ab67616d0000b27311a9c28322af29cbac9fbf1f.jpg","datePublished":"2025-10-01T14:24:41+00:00","breadcrumb":{"@id":"https:\/\/theartcafelagny.com\/?tribe_events=back-to-jazz#breadcrumb"},"inLanguage":"fr-FR","potentialAction":[{"@type":"ReadAction","target":["https:\/\/theartcafelagny.com\/?tribe_events=back-to-jazz"]}]},{"@type":"ImageObject","inLanguage":"fr-FR","@id":"https:\/\/theartcafelagny.com\/?tribe_events=back-to-jazz#primaryimage","url":"https:\/\/theartcafelagny.com\/wp-content\/uploads\/2025\/10\/ab67616d0000b27311a9c28322af29cbac9fbf1f.jpg","contentUrl":"https:\/\/theartcafelagny.com\/wp-content\/uploads\/2025\/10\/ab67616d0000b27311a9c28322af29cbac9fbf1f.jpg","width":640,"height":640},{"@type":"BreadcrumbList","@id":"https:\/\/theartcafelagny.com\/?tribe_events=back-to-jazz#breadcrumb","itemListElement":[{"@type":"ListItem","position":1,"name":"Accueil","item":"https:\/\/theartcafelagny.com\/"},{"@type":"ListItem","position":2,"name":"\u00c9v\u00e8nements","item":"https:\/\/theartcafelagny.com\/?post_type=tribe_events"},{"@type":"ListItem","position":3,"name":"Back to Jazz"}]},{"@type":"WebSite","@id":"https:\/\/theartcafelagny.com\/#website","url":"https:\/\/theartcafelagny.com\/","name":"THE ART CAF\u00c9 LAGNY","description":"","publisher":{"@id":"https:\/\/theartcafelagny.com\/#organization"},"potentialAction":[{"@type":"SearchAction","target":{"@type":"EntryPoint","urlTemplate":"https:\/\/theartcafelagny.com\/?s={search_term_string}"},"query-input":{"@type":"PropertyValueSpecification","valueRequired":true,"valueName":"search_term_string"}}],"inLanguage":"fr-FR"},{"@type":"Organization","@id":"https:\/\/theartcafelagny.com\/#organization","name":"THE ART CAF\u00c9 LAGNY","url":"https:\/\/theartcafelagny.com\/","logo":{"@type":"ImageObject","inLanguage":"fr-FR","@id":"https:\/\/theartcafelagny.com\/#\/schema\/logo\/image\/","url":"https:\/\/theartcafelagny.com\/wp-content\/uploads\/2023\/07\/Logo-The-art-cafe.png","contentUrl":"https:\/\/theartcafelagny.com\/wp-content\/uploads\/2023\/07\/Logo-The-art-cafe.png","width":1536,"height":510,"caption":"THE ART CAF\u00c9 LAGNY"},"image":{"@id":"https:\/\/theartcafelagny.com\/#\/schema\/logo\/image\/"},"sameAs":["https:\/\/www.facebook.com\/THEARTCAFE.LAGNY\/?locale=fr_FR","https:\/\/www.instagram.com\/theartcafelagny\/?hl=fr"]}]}},"_links":{"self":[{"href":"https:\/\/theartcafelagny.com\/index.php?rest_route=\/wp\/v2\/tribe_events\/692","targetHints":{"allow":["GET"]}}],"collection":[{"href":"https:\/\/theartcafelagny.com\/index.php?rest_route=\/wp\/v2\/tribe_events"}],"about":[{"href":"https:\/\/theartcafelagny.com\/index.php?rest_route=\/wp\/v2\/types\/tribe_events"}],"author":[{"embeddable":true,"href":"https:\/\/theartcafelagny.com\/index.php?rest_route=\/wp\/v2\/users\/4"}],"version-history":[{"count":1,"href":"https:\/\/theartcafelagny.com\/index.php?rest_route=\/wp\/v2\/tribe_events\/692\/revisions"}],"predecessor-version":[{"id":694,"href":"https:\/\/theartcafelagny.com\/index.php?rest_route=\/wp\/v2\/tribe_events\/692\/revisions\/694"}],"wp:featuredmedia":[{"embeddable":true,"href":"https:\/\/theartcafelagny.com\/index.php?rest_route=\/wp\/v2\/media\/693"}],"wp:attachment":[{"href":"https:\/\/theartcafelagny.com\/index.php?rest_route=%2Fwp%2Fv2%2Fmedia&parent=692"}],"wp:term":[{"taxonomy":"post_tag","embeddable":true,"href":"https:\/\/theartcafelagny.com\/index.php?rest_route=%2Fwp%2Fv2%2Ftags&post=692"},{"taxonomy":"tribe_events_cat","embeddable":true,"href":"https:\/\/theartcafelagny.com\/index.php?rest_route=%2Fwp%2Fv2%2Ftribe_events_cat&post=692"}],"curies":[{"name":"wp","href":"https:\/\/api.w.org\/{rel}","templated":true}]}}

<p><span style="font-family: arial, sans-serif;"><span class="flex-1 border-none focus:outline-none" contenteditable="true">Rejoignez-nous pour une soirée envoûtante avec notre trio jazz exceptionnel ! Plongez dans un univers musical où le saxophone s&rsquo;entrelace harmonieusement avec les autres instruments. Laissez-vous emporter par des improvisations captivantes et des mélodies enivrantes. Ne manquez pas cette expérience unique, où la passion du jazz prend vie sur scène !</span></span></p>

<p>Rejoignez-nous pour une soirée envoûtante avec notre trio jazz exceptionnel ! Plongez dans un univers musical où le saxophone s&rsquo;entrelace harmonieusement avec les autres instruments. Laissez-vous emporter par des improvisations [&hellip;]</p>

<!-- This site is optimized with the Yoast SEO plugin v27.1.1 - https://yoast.com/product/yoast-seo-wordpress/ -->
<title>Back to Jazz - THE ART CAFÉ LAGNY</title>
<meta name="robots" content="index, follow, max-snippet:-1, max-image-preview:large, max-video-preview:-1" />
<link rel="canonical" href="https://theartcafelagny.com/?tribe_events=back-to-jazz" />
<meta property="og:locale" content="fr_FR" />
<meta property="og:type" content="article" />
<meta property="og:title" content="Back to Jazz - THE ART CAFÉ LAGNY" />
<meta property="og:description" content="Rejoignez-nous pour une soirée envoûtante avec notre trio jazz exceptionnel ! Plongez dans un univers musical où le saxophone s&rsquo;entrelace harmonieusement avec les autres instruments. Laissez-vous emporter par des improvisations [&hellip;]" />
<meta property="og:url" content="https://theartcafelagny.com/?tribe_events=back-to-jazz" />
<meta property="og:site_name" content="THE ART CAFÉ LAGNY" />
<meta property="article:publisher" content="https://www.facebook.com/THEARTCAFE.LAGNY/?locale=fr_FR" />
<meta property="og:image" content="https://theartcafelagny.com/wp-content/uploads/2025/10/ab67616d0000b27311a9c28322af29cbac9fbf1f.jpg" />
	<meta property="og:image:width" content="640" />
	<meta property="og:image:height" content="640" />
	<meta property="og:image:type" content="image/jpeg" />
<meta name="twitter:card" content="summary_large_image" />
<meta name="twitter:label1" content="Durée de lecture estimée" />
	<meta name="twitter:data1" content="1 minute" />
<script type="application/ld+json" class="yoast-schema-graph">{"@context":"https://schema.org","@graph":[{"@type":"WebPage","@id":"https://theartcafelagny.com/?tribe_events=back-to-jazz","url":"https://theartcafelagny.com/?tribe_events=back-to-jazz","name":"Back to Jazz - THE ART CAFÉ LAGNY","isPartOf":{"@id":"https://theartcafelagny.com/#website"},"primaryImageOfPage":{"@id":"https://theartcafelagny.com/?tribe_events=back-to-jazz#primaryimage"},"image":{"@id":"https://theartcafelagny.com/?tribe_events=back-to-jazz#primaryimage"},"thumbnailUrl":"https://theartcafelagny.com/wp-content/uploads/2025/10/ab67616d0000b27311a9c28322af29cbac9fbf1f.jpg","datePublished":"2025-10-01T14:24:41+00:00","breadcrumb":{"@id":"https://theartcafelagny.com/?tribe_events=back-to-jazz#breadcrumb"},"inLanguage":"fr-FR","potentialAction":[{"@type":"ReadAction","target":["https://theartcafelagny.com/?tribe_events=back-to-jazz"]}]},{"@type":"ImageObject","inLanguage":"fr-FR","@id":"https://theartcafelagny.com/?tribe_events=back-to-jazz#primaryimage","url":"https://theartcafelagny.com/wp-content/uploads/2025/10/ab67616d0000b27311a9c28322af29cbac9fbf1f.jpg","contentUrl":"https://theartcafelagny.com/wp-content/uploads/2025/10/ab67616d0000b27311a9c28322af29cbac9fbf1f.jpg","width":640,"height":640},{"@type":"BreadcrumbList","@id":"https://theartcafelagny.com/?tribe_events=back-to-jazz#breadcrumb","itemListElement":[{"@type":"ListItem","position":1,"name":"Accueil","item":"https://theartcafelagny.com/"},{"@type":"ListItem","position":2,"name":"Évènements","item":"https://theartcafelagny.com/?post_type=tribe_events"},{"@type":"ListItem","position":3,"name":"Back to Jazz"}]},{"@type":"WebSite","@id":"https://theartcafelagny.com/#website","url":"https://theartcafelagny.com/","name":"THE ART CAFÉ LAGNY","description":"","publisher":{"@id":"https://theartcafelagny.com/#organization"},"potentialAction":[{"@type":"SearchAction","target":{"@type":"EntryPoint","urlTemplate":"https://theartcafelagny.com/?s={search_term_string}"},"query-input":{"@type":"PropertyValueSpecification","valueRequired":true,"valueName":"search_term_string"}}],"inLanguage":"fr-FR"},{"@type":"Organization","@id":"https://theartcafelagny.com/#organization","name":"THE ART CAFÉ LAGNY","url":"https://theartcafelagny.com/","logo":{"@type":"ImageObject","inLanguage":"fr-FR","@id":"https://theartcafelagny.com/#/schema/logo/image/","url":"https://theartcafelagny.com/wp-content/uploads/2023/07/Logo-The-art-cafe.png","contentUrl":"https://theartcafelagny.com/wp-content/uploads/2023/07/Logo-The-art-cafe.png","width":1536,"height":510,"caption":"THE ART CAFÉ LAGNY"},"image":{"@id":"https://theartcafelagny.com/#/schema/logo/image/"},"sameAs":["https://www.facebook.com/THEARTCAFE.LAGNY/?locale=fr_FR","https://www.instagram.com/theartcafelagny/?hl=fr"]}]}</script>
<!-- / Yoast SEO plugin. -->

Back to Jazz - THE ART CAFÉ LAGNY

Rejoignez-nous pour une soirée envoûtante avec notre trio jazz exceptionnel ! Plongez dans un univers musical où le saxophone s&rsquo;entrelace harmonieusement avec les autres instruments. Laissez-vous emporter par des improvisations [&hellip;]

THE ART CAFÉ LAGNY

Évènements
