{"id":700,"date":"2025-11-01T19:04:28","date_gmt":"2025-11-01T18:04:28","guid":{"rendered":"https:\/\/theartcafelagny.com\/?post_type=tribe_events&#038;p=700"},"modified":"2025-11-01T19:10:15","modified_gmt":"2025-11-01T18:10:15","slug":"les-petits-suisses","status":"publish","type":"tribe_events","link":"https:\/\/theartcafelagny.com\/?tribe_events=les-petits-suisses","title":{"rendered":"Les Petits Suisses &#8211; Jazz Manouche Chanson"},"content":{"rendered":"<p><span class=\"x193iq5w xeuugli x13faqbe x1vvkbs xlh3980 xvmahel x1n0sxbx x1lliihq x1s928wv xhkezso x1gmr53x x1cpjm7i x1fgarty x1943h6x xudqn12 x3x7a5m x6prxxf xvq8zen xo1l8bm xzsf02u\" dir=\"auto\">Les Ptits Suisses\u00a0\u00bb est un trio montpelli\u00e9rain berc\u00e9 \u00e0 la musique de Django et au jazz am\u00e9ricain. Ils aiment collaborer avec des vocalistes pour rendre hommage \u00e0 leurs artistes favoris et \u00e0 cette occasion ils ont concoct\u00e9 un programme sp\u00e9cial Frank Sinatra, qui sera chant\u00e9 par la musicienne franco v\u00e9n\u00e9zu\u00e9lienne de grand talent Elisa Lecuyer. C&rsquo;est la premi\u00e8re fois qu&rsquo;ils jouent le programme \u00e0 Paris, profitez en!<\/span><\/p>\n","protected":false},"excerpt":{"rendered":"<p>Les Ptits Suisses\u00a0\u00bb est un trio montpelli\u00e9rain berc\u00e9 \u00e0 la musique de Django et au jazz am\u00e9ricain. Ils aiment collaborer avec des vocalistes pour rendre hommage \u00e0 leurs artistes favoris [&hellip;]<\/p>\n","protected":false},"author":4,"featured_media":701,"template":"","meta":{"_tribe_events_status":"","_tribe_events_status_reason":"","footnotes":""},"tags":[],"tribe_events_cat":[],"class_list":["post-700","tribe_events","type-tribe_events","status-publish","has-post-thumbnail","hentry"],"yoast_head":"<!-- This site is optimized with the Yoast SEO plugin v27.1.1 - https:\/\/yoast.com\/product\/yoast-seo-wordpress\/ -->\n<title>Les Petits Suisses - Jazz Manouche Chanson - THE ART CAF\u00c9 LAGNY<\/title>\n<meta name=\"robots\" content=\"index, follow, max-snippet:-1, max-image-preview:large, max-video-preview:-1\" \/>\n<link rel=\"canonical\" href=\"https:\/\/theartcafelagny.com\/?tribe_events=les-petits-suisses\" \/>\n<meta property=\"og:locale\" content=\"fr_FR\" \/>\n<meta property=\"og:type\" content=\"article\" \/>\n<meta property=\"og:title\" content=\"Les Petits Suisses - Jazz Manouche Chanson - THE ART CAF\u00c9 LAGNY\" \/>\n<meta property=\"og:description\" content=\"Les Ptits Suisses\u00a0\u00bb est un trio montpelli\u00e9rain berc\u00e9 \u00e0 la musique de Django et au jazz am\u00e9ricain. Ils aiment collaborer avec des vocalistes pour rendre hommage \u00e0 leurs artistes favoris [&hellip;]\" \/>\n<meta property=\"og:url\" content=\"https:\/\/theartcafelagny.com\/?tribe_events=les-petits-suisses\" \/>\n<meta property=\"og:site_name\" content=\"THE ART CAF\u00c9 LAGNY\" \/>\n<meta property=\"article:publisher\" content=\"https:\/\/www.facebook.com\/THEARTCAFE.LAGNY\/?locale=fr_FR\" \/>\n<meta property=\"article:modified_time\" content=\"2025-11-01T18:10:15+00:00\" \/>\n<meta property=\"og:image\" content=\"https:\/\/theartcafelagny.com\/wp-content\/uploads\/2025\/11\/1000031616.jpg\" \/>\n\t<meta property=\"og:image:width\" content=\"1152\" \/>\n\t<meta property=\"og:image:height\" content=\"1141\" \/>\n\t<meta property=\"og:image:type\" content=\"image\/jpeg\" \/>\n<meta name=\"twitter:card\" content=\"summary_large_image\" \/>\n<meta name=\"twitter:label1\" content=\"Dur\u00e9e de lecture estim\u00e9e\" \/>\n\t<meta name=\"twitter:data1\" content=\"1 minute\" \/>\n<script type=\"application\/ld+json\" class=\"yoast-schema-graph\">{\"@context\":\"https:\/\/schema.org\",\"@graph\":[{\"@type\":\"WebPage\",\"@id\":\"https:\/\/theartcafelagny.com\/?tribe_events=les-petits-suisses\",\"url\":\"https:\/\/theartcafelagny.com\/?tribe_events=les-petits-suisses\",\"name\":\"Les Petits Suisses - Jazz Manouche Chanson - THE ART CAF\u00c9 LAGNY\",\"isPartOf\":{\"@id\":\"https:\/\/theartcafelagny.com\/#website\"},\"primaryImageOfPage\":{\"@id\":\"https:\/\/theartcafelagny.com\/?tribe_events=les-petits-suisses#primaryimage\"},\"image\":{\"@id\":\"https:\/\/theartcafelagny.com\/?tribe_events=les-petits-suisses#primaryimage\"},\"thumbnailUrl\":\"https:\/\/theartcafelagny.com\/wp-content\/uploads\/2025\/11\/1000031616.jpg\",\"datePublished\":\"2025-11-01T18:04:28+00:00\",\"dateModified\":\"2025-11-01T18:10:15+00:00\",\"breadcrumb\":{\"@id\":\"https:\/\/theartcafelagny.com\/?tribe_events=les-petits-suisses#breadcrumb\"},\"inLanguage\":\"fr-FR\",\"potentialAction\":[{\"@type\":\"ReadAction\",\"target\":[\"https:\/\/theartcafelagny.com\/?tribe_events=les-petits-suisses\"]}]},{\"@type\":\"ImageObject\",\"inLanguage\":\"fr-FR\",\"@id\":\"https:\/\/theartcafelagny.com\/?tribe_events=les-petits-suisses#primaryimage\",\"url\":\"https:\/\/theartcafelagny.com\/wp-content\/uploads\/2025\/11\/1000031616.jpg\",\"contentUrl\":\"https:\/\/theartcafelagny.com\/wp-content\/uploads\/2025\/11\/1000031616.jpg\",\"width\":1152,\"height\":1141},{\"@type\":\"BreadcrumbList\",\"@id\":\"https:\/\/theartcafelagny.com\/?tribe_events=les-petits-suisses#breadcrumb\",\"itemListElement\":[{\"@type\":\"ListItem\",\"position\":1,\"name\":\"Accueil\",\"item\":\"https:\/\/theartcafelagny.com\/\"},{\"@type\":\"ListItem\",\"position\":2,\"name\":\"\u00c9v\u00e8nements\",\"item\":\"https:\/\/theartcafelagny.com\/?post_type=tribe_events\"},{\"@type\":\"ListItem\",\"position\":3,\"name\":\"Les Petits Suisses &#8211; Jazz Manouche Chanson\"}]},{\"@type\":\"WebSite\",\"@id\":\"https:\/\/theartcafelagny.com\/#website\",\"url\":\"https:\/\/theartcafelagny.com\/\",\"name\":\"THE ART CAF\u00c9 LAGNY\",\"description\":\"\",\"publisher\":{\"@id\":\"https:\/\/theartcafelagny.com\/#organization\"},\"potentialAction\":[{\"@type\":\"SearchAction\",\"target\":{\"@type\":\"EntryPoint\",\"urlTemplate\":\"https:\/\/theartcafelagny.com\/?s={search_term_string}\"},\"query-input\":{\"@type\":\"PropertyValueSpecification\",\"valueRequired\":true,\"valueName\":\"search_term_string\"}}],\"inLanguage\":\"fr-FR\"},{\"@type\":\"Organization\",\"@id\":\"https:\/\/theartcafelagny.com\/#organization\",\"name\":\"THE ART CAF\u00c9 LAGNY\",\"url\":\"https:\/\/theartcafelagny.com\/\",\"logo\":{\"@type\":\"ImageObject\",\"inLanguage\":\"fr-FR\",\"@id\":\"https:\/\/theartcafelagny.com\/#\/schema\/logo\/image\/\",\"url\":\"https:\/\/theartcafelagny.com\/wp-content\/uploads\/2023\/07\/Logo-The-art-cafe.png\",\"contentUrl\":\"https:\/\/theartcafelagny.com\/wp-content\/uploads\/2023\/07\/Logo-The-art-cafe.png\",\"width\":1536,\"height\":510,\"caption\":\"THE ART CAF\u00c9 LAGNY\"},\"image\":{\"@id\":\"https:\/\/theartcafelagny.com\/#\/schema\/logo\/image\/\"},\"sameAs\":[\"https:\/\/www.facebook.com\/THEARTCAFE.LAGNY\/?locale=fr_FR\",\"https:\/\/www.instagram.com\/theartcafelagny\/?hl=fr\"]}]}<\/script>\n<!-- \/ Yoast SEO plugin. -->","yoast_head_json":{"title":"Les Petits Suisses - Jazz Manouche Chanson - THE ART CAF\u00c9 LAGNY","robots":{"index":"index","follow":"follow","max-snippet":"max-snippet:-1","max-image-preview":"max-image-preview:large","max-video-preview":"max-video-preview:-1"},"canonical":"https:\/\/theartcafelagny.com\/?tribe_events=les-petits-suisses","og_locale":"fr_FR","og_type":"article","og_title":"Les Petits Suisses - Jazz Manouche Chanson - THE ART CAF\u00c9 LAGNY","og_description":"Les Ptits Suisses\u00a0\u00bb est un trio montpelli\u00e9rain berc\u00e9 \u00e0 la musique de Django et au jazz am\u00e9ricain. Ils aiment collaborer avec des vocalistes pour rendre hommage \u00e0 leurs artistes favoris [&hellip;]","og_url":"https:\/\/theartcafelagny.com\/?tribe_events=les-petits-suisses","og_site_name":"THE ART CAF\u00c9 LAGNY","article_publisher":"https:\/\/www.facebook.com\/THEARTCAFE.LAGNY\/?locale=fr_FR","article_modified_time":"2025-11-01T18:10:15+00:00","og_image":[{"width":1152,"height":1141,"url":"https:\/\/theartcafelagny.com\/wp-content\/uploads\/2025\/11\/1000031616.jpg","type":"image\/jpeg"}],"twitter_card":"summary_large_image","twitter_misc":{"Dur\u00e9e de lecture estim\u00e9e":"1 minute"},"schema":{"@context":"https:\/\/schema.org","@graph":[{"@type":"WebPage","@id":"https:\/\/theartcafelagny.com\/?tribe_events=les-petits-suisses","url":"https:\/\/theartcafelagny.com\/?tribe_events=les-petits-suisses","name":"Les Petits Suisses - Jazz Manouche Chanson - THE ART CAF\u00c9 LAGNY","isPartOf":{"@id":"https:\/\/theartcafelagny.com\/#website"},"primaryImageOfPage":{"@id":"https:\/\/theartcafelagny.com\/?tribe_events=les-petits-suisses#primaryimage"},"image":{"@id":"https:\/\/theartcafelagny.com\/?tribe_events=les-petits-suisses#primaryimage"},"thumbnailUrl":"https:\/\/theartcafelagny.com\/wp-content\/uploads\/2025\/11\/1000031616.jpg","datePublished":"2025-11-01T18:04:28+00:00","dateModified":"2025-11-01T18:10:15+00:00","breadcrumb":{"@id":"https:\/\/theartcafelagny.com\/?tribe_events=les-petits-suisses#breadcrumb"},"inLanguage":"fr-FR","potentialAction":[{"@type":"ReadAction","target":["https:\/\/theartcafelagny.com\/?tribe_events=les-petits-suisses"]}]},{"@type":"ImageObject","inLanguage":"fr-FR","@id":"https:\/\/theartcafelagny.com\/?tribe_events=les-petits-suisses#primaryimage","url":"https:\/\/theartcafelagny.com\/wp-content\/uploads\/2025\/11\/1000031616.jpg","contentUrl":"https:\/\/theartcafelagny.com\/wp-content\/uploads\/2025\/11\/1000031616.jpg","width":1152,"height":1141},{"@type":"BreadcrumbList","@id":"https:\/\/theartcafelagny.com\/?tribe_events=les-petits-suisses#breadcrumb","itemListElement":[{"@type":"ListItem","position":1,"name":"Accueil","item":"https:\/\/theartcafelagny.com\/"},{"@type":"ListItem","position":2,"name":"\u00c9v\u00e8nements","item":"https:\/\/theartcafelagny.com\/?post_type=tribe_events"},{"@type":"ListItem","position":3,"name":"Les Petits Suisses &#8211; Jazz Manouche Chanson"}]},{"@type":"WebSite","@id":"https:\/\/theartcafelagny.com\/#website","url":"https:\/\/theartcafelagny.com\/","name":"THE ART CAF\u00c9 LAGNY","description":"","publisher":{"@id":"https:\/\/theartcafelagny.com\/#organization"},"potentialAction":[{"@type":"SearchAction","target":{"@type":"EntryPoint","urlTemplate":"https:\/\/theartcafelagny.com\/?s={search_term_string}"},"query-input":{"@type":"PropertyValueSpecification","valueRequired":true,"valueName":"search_term_string"}}],"inLanguage":"fr-FR"},{"@type":"Organization","@id":"https:\/\/theartcafelagny.com\/#organization","name":"THE ART CAF\u00c9 LAGNY","url":"https:\/\/theartcafelagny.com\/","logo":{"@type":"ImageObject","inLanguage":"fr-FR","@id":"https:\/\/theartcafelagny.com\/#\/schema\/logo\/image\/","url":"https:\/\/theartcafelagny.com\/wp-content\/uploads\/2023\/07\/Logo-The-art-cafe.png","contentUrl":"https:\/\/theartcafelagny.com\/wp-content\/uploads\/2023\/07\/Logo-The-art-cafe.png","width":1536,"height":510,"caption":"THE ART CAF\u00c9 LAGNY"},"image":{"@id":"https:\/\/theartcafelagny.com\/#\/schema\/logo\/image\/"},"sameAs":["https:\/\/www.facebook.com\/THEARTCAFE.LAGNY\/?locale=fr_FR","https:\/\/www.instagram.com\/theartcafelagny\/?hl=fr"]}]}},"_links":{"self":[{"href":"https:\/\/theartcafelagny.com\/index.php?rest_route=\/wp\/v2\/tribe_events\/700","targetHints":{"allow":["GET"]}}],"collection":[{"href":"https:\/\/theartcafelagny.com\/index.php?rest_route=\/wp\/v2\/tribe_events"}],"about":[{"href":"https:\/\/theartcafelagny.com\/index.php?rest_route=\/wp\/v2\/types\/tribe_events"}],"author":[{"embeddable":true,"href":"https:\/\/theartcafelagny.com\/index.php?rest_route=\/wp\/v2\/users\/4"}],"version-history":[{"count":3,"href":"https:\/\/theartcafelagny.com\/index.php?rest_route=\/wp\/v2\/tribe_events\/700\/revisions"}],"predecessor-version":[{"id":708,"href":"https:\/\/theartcafelagny.com\/index.php?rest_route=\/wp\/v2\/tribe_events\/700\/revisions\/708"}],"wp:featuredmedia":[{"embeddable":true,"href":"https:\/\/theartcafelagny.com\/index.php?rest_route=\/wp\/v2\/media\/701"}],"wp:attachment":[{"href":"https:\/\/theartcafelagny.com\/index.php?rest_route=%2Fwp%2Fv2%2Fmedia&parent=700"}],"wp:term":[{"taxonomy":"post_tag","embeddable":true,"href":"https:\/\/theartcafelagny.com\/index.php?rest_route=%2Fwp%2Fv2%2Ftags&post=700"},{"taxonomy":"tribe_events_cat","embeddable":true,"href":"https:\/\/theartcafelagny.com\/index.php?rest_route=%2Fwp%2Fv2%2Ftribe_events_cat&post=700"}],"curies":[{"name":"wp","href":"https:\/\/api.w.org\/{rel}","templated":true}]}}

<p><span class="x193iq5w xeuugli x13faqbe x1vvkbs xlh3980 xvmahel x1n0sxbx x1lliihq x1s928wv xhkezso x1gmr53x x1cpjm7i x1fgarty x1943h6x xudqn12 x3x7a5m x6prxxf xvq8zen xo1l8bm xzsf02u" dir="auto">Les Ptits Suisses » est un trio montpelliérain bercé à la musique de Django et au jazz américain. Ils aiment collaborer avec des vocalistes pour rendre hommage à leurs artistes favoris et à cette occasion ils ont concocté un programme spécial Frank Sinatra, qui sera chanté par la musicienne franco vénézuélienne de grand talent Elisa Lecuyer. C&rsquo;est la première fois qu&rsquo;ils jouent le programme à Paris, profitez en!</span></p>

<p>Les Ptits Suisses » est un trio montpelliérain bercé à la musique de Django et au jazz américain. Ils aiment collaborer avec des vocalistes pour rendre hommage à leurs artistes favoris [&hellip;]</p>

<!-- This site is optimized with the Yoast SEO plugin v27.1.1 - https://yoast.com/product/yoast-seo-wordpress/ -->
<title>Les Petits Suisses - Jazz Manouche Chanson - THE ART CAFÉ LAGNY</title>
<meta name="robots" content="index, follow, max-snippet:-1, max-image-preview:large, max-video-preview:-1" />
<link rel="canonical" href="https://theartcafelagny.com/?tribe_events=les-petits-suisses" />
<meta property="og:locale" content="fr_FR" />
<meta property="og:type" content="article" />
<meta property="og:title" content="Les Petits Suisses - Jazz Manouche Chanson - THE ART CAFÉ LAGNY" />
<meta property="og:description" content="Les Ptits Suisses » est un trio montpelliérain bercé à la musique de Django et au jazz américain. Ils aiment collaborer avec des vocalistes pour rendre hommage à leurs artistes favoris [&hellip;]" />
<meta property="og:url" content="https://theartcafelagny.com/?tribe_events=les-petits-suisses" />
<meta property="og:site_name" content="THE ART CAFÉ LAGNY" />
<meta property="article:publisher" content="https://www.facebook.com/THEARTCAFE.LAGNY/?locale=fr_FR" />
<meta property="article:modified_time" content="2025-11-01T18:10:15+00:00" />
<meta property="og:image" content="https://theartcafelagny.com/wp-content/uploads/2025/11/1000031616.jpg" />
	<meta property="og:image:width" content="1152" />
	<meta property="og:image:height" content="1141" />
	<meta property="og:image:type" content="image/jpeg" />
<meta name="twitter:card" content="summary_large_image" />
<meta name="twitter:label1" content="Durée de lecture estimée" />
	<meta name="twitter:data1" content="1 minute" />
<script type="application/ld+json" class="yoast-schema-graph">{"@context":"https://schema.org","@graph":[{"@type":"WebPage","@id":"https://theartcafelagny.com/?tribe_events=les-petits-suisses","url":"https://theartcafelagny.com/?tribe_events=les-petits-suisses","name":"Les Petits Suisses - Jazz Manouche Chanson - THE ART CAFÉ LAGNY","isPartOf":{"@id":"https://theartcafelagny.com/#website"},"primaryImageOfPage":{"@id":"https://theartcafelagny.com/?tribe_events=les-petits-suisses#primaryimage"},"image":{"@id":"https://theartcafelagny.com/?tribe_events=les-petits-suisses#primaryimage"},"thumbnailUrl":"https://theartcafelagny.com/wp-content/uploads/2025/11/1000031616.jpg","datePublished":"2025-11-01T18:04:28+00:00","dateModified":"2025-11-01T18:10:15+00:00","breadcrumb":{"@id":"https://theartcafelagny.com/?tribe_events=les-petits-suisses#breadcrumb"},"inLanguage":"fr-FR","potentialAction":[{"@type":"ReadAction","target":["https://theartcafelagny.com/?tribe_events=les-petits-suisses"]}]},{"@type":"ImageObject","inLanguage":"fr-FR","@id":"https://theartcafelagny.com/?tribe_events=les-petits-suisses#primaryimage","url":"https://theartcafelagny.com/wp-content/uploads/2025/11/1000031616.jpg","contentUrl":"https://theartcafelagny.com/wp-content/uploads/2025/11/1000031616.jpg","width":1152,"height":1141},{"@type":"BreadcrumbList","@id":"https://theartcafelagny.com/?tribe_events=les-petits-suisses#breadcrumb","itemListElement":[{"@type":"ListItem","position":1,"name":"Accueil","item":"https://theartcafelagny.com/"},{"@type":"ListItem","position":2,"name":"Évènements","item":"https://theartcafelagny.com/?post_type=tribe_events"},{"@type":"ListItem","position":3,"name":"Les Petits Suisses &#8211; Jazz Manouche Chanson"}]},{"@type":"WebSite","@id":"https://theartcafelagny.com/#website","url":"https://theartcafelagny.com/","name":"THE ART CAFÉ LAGNY","description":"","publisher":{"@id":"https://theartcafelagny.com/#organization"},"potentialAction":[{"@type":"SearchAction","target":{"@type":"EntryPoint","urlTemplate":"https://theartcafelagny.com/?s={search_term_string}"},"query-input":{"@type":"PropertyValueSpecification","valueRequired":true,"valueName":"search_term_string"}}],"inLanguage":"fr-FR"},{"@type":"Organization","@id":"https://theartcafelagny.com/#organization","name":"THE ART CAFÉ LAGNY","url":"https://theartcafelagny.com/","logo":{"@type":"ImageObject","inLanguage":"fr-FR","@id":"https://theartcafelagny.com/#/schema/logo/image/","url":"https://theartcafelagny.com/wp-content/uploads/2023/07/Logo-The-art-cafe.png","contentUrl":"https://theartcafelagny.com/wp-content/uploads/2023/07/Logo-The-art-cafe.png","width":1536,"height":510,"caption":"THE ART CAFÉ LAGNY"},"image":{"@id":"https://theartcafelagny.com/#/schema/logo/image/"},"sameAs":["https://www.facebook.com/THEARTCAFE.LAGNY/?locale=fr_FR","https://www.instagram.com/theartcafelagny/?hl=fr"]}]}</script>
<!-- / Yoast SEO plugin. -->

Les Petits Suisses - Jazz Manouche Chanson - THE ART CAFÉ LAGNY

Les Ptits Suisses » est un trio montpelliérain bercé à la musique de Django et au jazz américain. Ils aiment collaborer avec des vocalistes pour rendre hommage à leurs artistes favoris [&hellip;]

THE ART CAFÉ LAGNY

Évènements
